te the greatest common divisor of 6 and c.
6
Let y be ((-2)/(-6))/((-1)/(-6)). Suppose y*q = 5*q - 135. Suppose -5*x = -0*x - q. What is the highest common factor of x and 9?
9
Let w(k) = -5*k - 91. Let y be w(-22). Calculate the highest common divisor of y and 114.
19
Suppose -29 + 109 = 4*g. Suppose -3*d = -m + 13, m = d - 7 + g. Let q(z) = 13*z**3. Let v be q(1). What is the greatest common factor of v and m?
13
Suppose 0 = 5*t + 189 - 199. Calculate the greatest common divisor of 8 and t.
2
Suppose -4*s = -3*s - 23. Let f = 36 - s. Suppose 3*c - 5*p - f + 1 = 0, -3*p = -c. What is the greatest common factor of c and 9?
9
Let t be (873/99 - 9) + (-8714)/(-11). Calculate the greatest common divisor of 72 and t.
72
Let b be (-1*7)/(-1*(-2)/(-4)). Let c(x) = 16*x. Let z be c(b). Calculate the greatest common factor of z and 32.
32
Let w = -63 + 432. What is the highest common divisor of 82 and w?
41
Let k(l) = l**3 - 2*l**2 - 8*l + 20. Let r be k(5). Calculate the greatest common factor of r and 44.
11
Suppose 315*j - 429 = 302*j. What is the greatest common divisor of 66 and j?
33
Let w(f) = 3*f - 9. Let c be w(4). Suppose 3*a - 2*y = 8, -c*a + 3 = -y - 4. What is the highest common factor of 16 and a?
2
Let v = 306 + -290. Calculate the highest common divisor of 976 and v.
16
Suppose 0 = -4*o - 9 + 117. Suppose -3*s - 97 + 286 = 0. Calculate the greatest common divisor of o and s.
9
Let r be (3/6)/(2/4). Suppose -x - 12 = r. Let m = x + 22. What is the greatest common factor of m and 63?
9
Suppose -1113*u + 408 = -1096*u. What is the greatest common factor of 1140 and u?
12
Suppose -80 - 32 = -2*r. Suppose 2*g = -4*k + 8, g + k - r = -4*g. What is the greatest common divisor of 48 and g?
12
Let n(y) = -2*y + 18. Let x be n(8). Suppose 3*u + 2*u - 73 = -x*r, 3*u = -2*r + 47. What is the highest common divisor of 39 and u?
13
Suppose 3*u = 2*p - 11, 4 = -2*u + 5*p - 18. Let a be 6*(-3 + (3 - u)). Calculate the highest common divisor of 42 and a.
6
Let a(h) = -h**2 - h - 6. Let m be a(0). Let j be (-777)/m - 3/6. Suppose i - b - 40 = b, -j = -3*i - 3*b. What is the greatest common divisor of i and 105?
21
Suppose 0 = -v - 19 - 3. Let p = v + 35. Let q be p - 0*(-1 - -2). What is the highest common divisor of q and 26?
13
Let w(u) = 4 + 4 + 3*u - 5*u. Let c be w(-6). Suppose 24 = 5*s + 4*f - 25, 3*f - 23 = -s. What is the highest common divisor of s and c?
5
Let c(u) = -u**3 - 12*u**2 - 13*u - 16. Let i(m) = -m**2 - 11*m + 1. Let h be i(-12). Let r be c(h). Calculate the highest common factor of r and 24.
6
Suppose 4 = y, 0 = 4*a + 5*y - 522 + 454. Let n(u) = -2*u**3 - 6*u**2 + 7*u - 6. Let o be n(-6). What is the greatest common divisor of o and a?
12
Let z = 286 + -196. What is the greatest common divisor of z and 126?
18
Suppose 2*f + 56 = 2*a, 3*a - 2*f = -0*f + 89. Suppose -1384*h + 1390*h - 132 = 0. What is the greatest common divisor of h and a?
11
Let b = -327 - -669. Calculate the greatest common divisor of 38 and b.
38
Suppose -38*s + 26760 + 10784 = 0. What is the highest common factor of s and 152?
76
Suppose 4*r + 0 - 12 = 0. Let y be ((-1)/r)/((-9)/540). Calculate the highest common factor of 80 and y.
20
Let t = -83 - -85. Suppose -8*w + 1980 = -t*w. Calculate the highest common factor of 30 and w.
30
Let p = 46 - 42. Suppose 3*d - 4*d + 4*v = -29, 3*d - 7 = -p*v. Calculate the highest common factor of d and 6.
3
Let b(a) = -7*a - 6. Let o be b(-6). Let y(r) = 11*r + 10*r**3 + 7*r**2 - 6 - 9 - 11*r**3. Let t be y(8). Calculate the highest common divisor of o and t.
9
Let m be (20 - 3/(-1))*5. Calculate the highest common divisor of m and 92.
23
Suppose -3*y + 28 + 47 = 0. Let l = 5 + 0. Suppose l*n - 6 = 44. What is the greatest common factor of n and y?
5
Let g = 591 + -570. What is the highest common divisor of g and 231?
21
Suppose 20 = j + 5*c, -23 = -j - 3*j - c. Let n be 18/30 + 32/j. Suppose -18 + n = -t. What is the greatest common divisor of 66 and t?
11
Suppose 5*x - 98 = -5*o + 12, -5*x = -3*o - 126. Let l = -727 + 895. What is the highest common factor of l and x?
24
Let b = 387 - 372. Let v = 33 + -13. What is the highest common factor of v and b?
5
Let r(l) = -139*l - 116. Let h be r(-4). Calculate the greatest common factor of h and 200.
40
Let c = 131 + -95. Calculate the greatest common factor of c and 36.
36
Let m be ((-34)/(-6))/((-3)/9). Let l = -8 - m. Let i = -59 - -86. What is the greatest common factor of i and l?
9
Let f(u) = -u**3 + 15*u**2 - 4. Let x be f(15). Let d be -6 - (x + 2) - -121. What is the greatest common divisor of d and 13?
13
Let i be 0 + -7 + 5 - -8. What is the highest common divisor of 438 and i?
6
Let v = 300 - 270. What is the greatest common factor of v and 10?
10
Suppose 4*k = -4*o + 52 - 0, 0 = 3*k + 2*o - 34. Let x be 4*1 - (-27)/(-9). Let l be x*(55 - (2 - 3)). Calculate the highest common factor of k and l.
8
Let q(z) = 28*z - 20. Let s be q(5). Calculate the greatest common divisor of s and 16.
8
Let h = -34 - -18. Let s = h + -76. Let j = s - -157. What is the highest common factor of j and 13?
13
Let z(c) = 19*c - 26. Let j(m) = -m. Let k(n) = 2*j(n) + z(n). Let y be k(10). Calculate the greatest common factor of y and 16.
16
Let h(n) = n**3 + 9*n**2 - 11*n + 10. Let v be h(-10). Suppose -3*c + v = -25. Let t = 23 - c. Calculate the greatest common factor of 40 and t.
8
Suppose 473 + 318 = q + 2*m, -2*q + m + 1557 = 0. Calculate the highest common divisor of q and 71.
71
Let k be ((-52)/(-10))/(106/2120). Let z = -130 + 182. Let i be z/(-6)*6/(-4). What is the highest common divisor of i and k?
13
Let h(p) be the first derivative of -p**3/3 - p**2/2 + 77*p + 4. Let d be h(0). Calculate the highest common divisor of 7 and d.
7
Suppose -2*v + 4*f + 5 = -79, 2*v - 94 = 2*f. Let z be -15*3*v/(-12). Let o = z + 47. Calculate the greatest common divisor of 22 and o.
22
Let q be 1664/17 + ((-12)/(-102))/1. What is the greatest common factor of q and 1960?
98
Suppose 469 = 29*j - 22*j. Suppose -j = -3*n + 311. What is the greatest common divisor of 14 and n?
14
Let c = 325 - 309. What is the greatest common divisor of c and 152?
8
Suppose -2*g = -32 - 8. Let r(b) = -b**2 - 11*b - 25. Let q be r(-3). Let a(y) = 180*y**2. Let x be a(q). What is the greatest common factor of g and x?
20
Suppose -4*k = 5*m + 200, -3*k - 6*m - 145 = -m. Let d = 66 + k. Let l be 0 - (1 - 68/2). Calculate the highest common divisor of l and d.
11
Let b(d) = d**2 + 4*d. Suppose -4 = 2*m + 6. Let p be (m - -1) + 4/(-4). Let o be b(p). Calculate the greatest common divisor of o and 15.
5
Let c(n) = -6 - 5*n + 8*n + 0*n**3 + 5*n - 8*n**2 + n**3. Let y be c(7). What is the greatest common factor of 2 and y?
1
Let w = 767 - 766. Let v(x) = 2*x + 1. Let y be v(4). Calculate the greatest common factor of y and w.
1
Let t be 2*-1 + (-7 - -24). Calculate the highest common divisor of 135 and t.
15
Let p = 62 + -217. Let k = -101 - p. Calculate the greatest common divisor of k and 36.
18
Suppose -2*d = 3*d + 35. Let p(l) = 3*l**2 + l + 22. Let i be p(d). What is the highest common divisor of 18 and i?
18
Suppose 2*x + 2*h + 6 = 0, -3*h - 2 = -5. Let o be (6/((-120)/85))/(1/x). What is the greatest common divisor of 272 and o?
17
Let z be (-2 - (-4)/5)*-5. Let x(v) = -v**2 - 10*v + 5. Let c be x(-10). Suppose 12 = -b + c*b. Calculate the highest common divisor of b and z.
3
Let f(q) = -q + 2. Let j be f(-5). Let d(p) = -p**3 + 10*p**2 - 9*p + 6. Let n be d(6). Let s = -19 + n. Calculate the greatest common divisor of s and j.
7
Let o be (2 - -2)/((-1)/(-4)). Let b = o - 12. Calculate the highest common divisor of 12 and b.
4
Suppose 5*j - 35 = -2*o, j = -2*o + 12 + 3. Let k = 0 - -7. Suppose 0 = k*s - o*s - 6. Calculate the highest common divisor of 6 and s.
3
Let i(v) = -2*v + 41. Let o be i(18). Suppose 0 = -2*b - 2*b + 4*k + 24, -4*k - 20 = 0. Calculate the highest common factor of o and b.
1
Suppose 37*z - 43*z + 3876 = 0. What is the highest common divisor of z and 38?
38
Suppose -3*n = 212 - 1265. Calculate the greatest common factor of 13 and n.
13
Suppose 21*r = 17*r + 92. Calculate the greatest common divisor of r and 851.
23
Let r = 755 - 525. What is the highest common factor of 92 and r?
46
Let u be (-